7 prime?
True
Is 115301 a prime number?
True
Is 142381 a prime number?
True
Is 2897 a prime number?
True
Is 20507 a composite number?
False
Is 4751 a prime number?
True
Is 58363 a prime number?
True
Is 1082477 prime?
False
Is 14431 a prime number?
True
Is 1565891 a composite number?
False
Is 33247 a prime number?
True
Is 7829 a composite number?
False
Is 283541 prime?
True
Is 103643 composite?
False
Is 57999 a prime number?
False
Is 6401 a prime number?
False
Is 541 a composite number?
False
Is 111253 prime?
True
Is 1263239 a prime number?
True
Is 60303 composite?
True
Is 31367 composite?
True
Is 39679 a prime number?
True
Is 399547 composite?
True
Is 37397 a composite number?
False
Is 498989 prime?
True
Is 5122631 composite?
False
Is 9901 composite?
False
Is 24491 a prime number?
False
Is 45519 a composite number?
True
Is 28057 composite?
False
Is 7999 prime?
False
Is 60614 prime?
False
Is 57965 a composite number?
True
Is 2281 a composite number?
False
Is 16729 a composite number?
False
Is 60529 composite?
True
Is 16799 a composite number?
True
Is 4439 a prime number?
False
Is 63103 a composite number?
False
Is 19631 prime?
False
Is 469 a prime number?
False
Is 1411 a composite number?
True
Is 2429 prime?
False
Is 976577 a prime number?
False
Is 100279 prime?
True
Is 149 composite?
False
Is 307 composite?
False
Is 18157 composite?
True
Is 3086 a prime number?
False
Is 222923 composite?
True
Is 9481 composite?
True
Is 135311 a composite number?
True
Is 2393161 a composite number?
False
Is 91009 a prime number?
True
Is 190379 a prime number?
False
Is 172417 prime?
False
Is 545759 a composite number?
False
Is 349051 prime?
True
Is 58711 prime?
True
Is 186359 prime?
False
Is 149969 a composite number?
False
Is 139 prime?
True
Is 3957 composite?
True
Is 28463 a prime number?
True
Is 126563 prime?
False
Is 2503 composite?
False
Is 325513 a prime number?
True
Is 52835 a prime number?
False
Is 32667 a composite number?
True
Is 72445 prime?
False
Is 422 prime?
False
Is 28286 prime?
False
Is 7079 a prime number?
True
Is 132499 a prime number?
True
Is 1645897 prime?
False
Is 464003 prime?
True
Is 23719 prime?
True
Is 530647 prime?
False
Is 162119 prime?
True
Is 969953 a composite number?
True
Is 160619 a prime number?
True
Is 334861 a prime number?
True
Is 14621 a composite number?
False
Is 1885069 composite?
False
Is 8651 a prime number?
False
Is 66545 a composite number?
True
Is 19249 composite?
False
Is 16921 a prime number?
True
Is 92611 a composite number?
True
Is 612773 a composite number?
True
Is 9007 a composite number?
False
Is 2237 a composite number?
False
Is 562897 prime?
True
Is 117307 a prime number?
True
Is 5257 composite?
True
Is 46021 prime?
True
Is 71183 a composite number?
True
Is 134957 a prime number?
False
Is 209123 a composite number?
False
Is 438499 composite?
False
Is 58079 a composite number?
True
Is 15131 a composite number?
False
Is 99079 prime?
True
Is 18931 a composite number?
True
Is 839 composite?
False
Is 357433 a prime number?
False
Is 1366 composite?
True
Is 20245 prime?
False
Is 2507291 composite?
False
Is 477149 prime?
True
Is 106531 prime?
True
Is 267265 a composite number?
True
Is 273083 a prime number?
True
Is 10937 a composite number?
False
Is 31 a composite number?
False
Is 112429 a composite number?
False
Is 181705 a prime number?
False
Is 3035 prime?
False
Is 1087 prime?
True
Is 451273 a composite number?
True
Is 614477 prime?
True
Is 111779 composite?
False
Is 116293 a prime number?
True
Is 6733 a composite number?
False
Is 71371 a composite number?
True
Is 382 a composite number?
True
Is 91909 a prime number?
True
Is 95857 a prime number?
True
Is 1541 prime?
False
Is 505 composite?
True
Is 78133 prime?
False
Is 192961 composite?
False
Is 8147 prime?
True
Is 94321 prime?
True
Is 549403 a composite number?
False
Is 44329 a composite number?
True
Is 1543 a prime number?
True
Is 37421 a composite number?
True
Is 47933 a composite number?
False
Is 88989 prime?
False
Is 12499 a prime number?
False
Is 6747353 prime?
True
Is 41435 composite?
True
Is 7829 prime?
True
Is 1579 a prime number?
True
Is 11 a composite number?
False
Is 41253 prime?
False
Is 419 a prime number?
True
Is 16139 a prime number?
True
Is 17585 a composite number?
True
Is 72017 composite?
True
Is 535919 prime?
True
Is 527441 a composite number?
False
Is 70593 composite?
True
Is 404881 composite?
True
Is 2121121 a composite number?
False
Is 1590757 prime?
False
Is 11549 a prime number?
True
Is 39971 composite?
False
Is 1913 composite?
False
Is 3149 a prime number?
False
Is 82651 composite?
False
Is 80695 a prime number?
False
Is 2939 prime?
True
Is 2073023 prime?
False
Is 59669 a composite number?
False
Is 79 a composite number?
False
Is 19949 prime?
True
Is 14047 prime?
False
Is 38273 a prime number?
True
Is 2495273 a prime number?
False
Is 1523171 a prime number?
False
Is 80915 a composite number?
True
Is 338497 a composite number?
False
Is 4645 prime?
False
Is 22431 a composite number?
True
Is 1573735 a prime number?
False
Is 41381 composite?
False
Is 390683 a prime number?
False
Is 860239 composite?
False
Is 11819 a prime number?
False
Is 7773 a composite number?
True
Is 2053 a composite number?
False
Is 365305 a prime number?
False
Is 467 composite?
False
Is 79103 a prime number?
True
Is 360541 a composite number?
False
Is 29381 composite?
True
Is 70553 prime?
False
Is 57307 composite?
True
Is 86969 a composite number?
False
Is 6096277 prime?
False
Is 1541534 prime?
False
Is 189281 prime?
False
Is 59191 a composite number?
True
Is 1542347 a composite number?
False
Is 127189 a composite number?
False
Is 59801 composite?
True
Is 608305 a prime number?
False
Is 646823 a composite number?
False
Is 12703 a prime number?
True
Is 1043485 a prime number?
False
Is 1885151 prime?
True
Is 39089 a composite number?
False
Is 587855 prime?
False
Is 5353 a prime number?
False
Is 13043 composite?
False
Is 323353 composite?
True
Is 44645 composite?
True
Is 538879 a composite number?
True
Is 2927 a prime number?
True
Is 787 composite?
False
Is 519691 prime?
True
Is 8903 prime?
False
Is 68683 a composite number?
False
Is 4349 prime?
True
Is 7033 prime?
False
Is 17881 a prime number?
True
Is 15809 prime?
True
Is 3847 composite?
False
Is 125347 prime?
False
Is 847453 a composite number?
False
Is 10037 a prime number?
True
Is 221207 a composite number?
True
Is 20067 a prime number?
False
Is 83141 prime?
False
Is 3557 a prime number?
True
Is 9029 a prime number?
True
Is 47858 composite?
True
Is 72019 a composite number?
False
Is 71351 prime?
False
Is 18301 a composite number?
False
Is 12251 a composite number?
False
Is 2321 a composite number?
True
Is 19801 composite?
False
Is 136247 prime?
True
Is 318929 prime?
False
Is 1296055 prime?
False
Is 8818 composite?
True
Is 3286937 a prime number?
True
Is 279781 prime?
False
Is 27673 composite?
False
Is 52553 a composite number?
False
Is 16309 a composite number?
True
Is 426479 a prime number?
False
Is 42667 a composite number?
False
Is 19561 prime?
False
Is 118843 prime?
True
Is 1861 composite?
False
Is 1462739 composite?
False
Is 1119 prime?
False
Is 9793 composite?
True
Is 27479 a composite number?
False
Is 1361 composite?
False
Is 2958311 a composite number?
False
Is 16333 composite?
False
Is 7901 composite?
False
Is 21118 a prime number?
False
Is 17903 prime?
True
Is 10793 composite?
True
Is 33823 prime?
False
Is 251 a composite number?
False
Is 56873 composite?
False
Is 1573109 a composite number?
False
Is 134909 a prime number?
True
Is 350927 prime?
False
Is 4751 prime?
True
Is 106 composite?
True
Is 303001 prime?
False
Is 16609 a prime number?
False
Is 85677 composite?
True
Is 36083 a composite number?
False
Is 26489 a prime number?
True
Is 4907 prime?
False
Is 81217 a prime number?
False
Is 215263 prime?
False
Is 8747 composite?
False
Is 69197 a composite number?
False
Is 47881 composite?
False
Is 67141 a prime number?
True
Is 42043 a composite number?
False
Is 17863 composite?
False
Is 56257 a prime number?
False
Is 668849 prime?
False
Is 394885 a composite number?
True
Is 2671 composite?
False
Is 24613 a composite number?
True
Is 62939 prime?
True
Is 1473803 a composite number?
False
Is 49157 prime?
True
